 common divisor of 75 and 50.
25
What is the highest common divisor of 825 and 225?
75
Calculate the highest common factor of 930 and 60.
30
What is the highest common factor of 7 and 32?
1
Calculate the greatest common divisor of 10496 and 128.
128
What is the highest common factor of 18886 and 1862?
266
Calculate the greatest common factor of 1659 and 42.
21
What is the highest common factor of 2534 and 14?
14
What is the greatest common divisor of 1780 and 180?
20
What is the highest common divisor of 64 and 832?
64
What is the greatest common factor of 24 and 36?
12
What is the highest common factor of 682 and 248?
62
Calculate the highest common divisor of 1131 and 104.
13
What is the highest common divisor of 6 and 816?
6
What is the greatest common divisor of 5118 and 6?
6
What is the highest common divisor of 29 and 2291?
29
What is the greatest common factor of 5094 and 9?
9
What is the highest common factor of 2983 and 38?
19
What is the highest common divisor of 1 and 37?
1
Calculate the greatest common divisor of 22 and 902.
22
What is the highest common divisor of 396 and 7172?
44
Calculate the highest common divisor of 216 and 282.
6
Calculate the greatest common divisor of 1661 and 11.
11
What is the greatest common divisor of 64 and 436?
4
Calculate the greatest common factor of 12 and 48.
12
What is the highest common divisor of 1850 and 200?
50
Calculate the highest common divisor of 25 and 1280.
5
What is the greatest common divisor of 7 and 1036?
7
What is the greatest common divisor of 2320 and 80?
80
Calculate the greatest common factor of 400 and 150.
50
What is the highest common divisor of 30585 and 15?
15
What is the greatest common factor of 246 and 36?
6
What is the highest common divisor of 225 and 50?
25
Calculate the highest common factor of 136 and 232.
8
Calculate the greatest common factor of 24975 and 50.
25
Calculate the highest common divisor of 69 and 2185.
23
What is the greatest common factor of 20 and 470?
10
What is the highest common factor of 15 and 30?
15
What is the greatest common divisor of 108 and 28?
4
Calculate the highest common divisor of 125 and 5.
5
What is the highest common factor of 4131 and 51?
51
Calculate the greatest common factor of 6586 and 481.
37
What is the highest common divisor of 210 and 30?
30
Calculate the highest common factor of 66 and 1045.
11
Calculate the highest common factor of 846 and 36.
18
What is the highest common factor of 372 and 252?
12
Calculate the highest common divisor of 16962 and 66.
66
Calculate the greatest common divisor of 1 and 19.
1
Calculate the highest common factor of 33 and 88.
11
What is the greatest common divisor of 207 and 161?
23
Calculate the highest common divisor of 160 and 60.
20
Calculate the highest common factor of 6 and 438.
6
What is the greatest common divisor of 6480 and 576?
144
What is the highest common divisor of 880 and 560?
80
What is the greatest common divisor of 162 and 122?
2
What is the greatest common divisor of 244 and 3233?
61
What is the greatest common factor of 4588 and 185?
37
Calculate the greatest common factor of 96 and 21.
3
What is the highest common factor of 18537 and 74?
37
Calculate the highest common divisor of 63 and 14.
7
What is the highest common divisor of 19126 and 292?
146
Calculate the greatest common factor of 4559 and 141.
47
Calculate the highest common divisor of 4301 and 6171.
187
What is the greatest common factor of 39 and 2041?
13
What is the highest common factor of 18845 and 5?
5
Calculate the greatest common divisor of 15 and 2685.
15
What is the greatest common divisor of 1885 and 10?
5
Calculate the highest common factor of 18 and 366.
6
What is the highest common divisor of 772 and 9071?
193
What is the greatest common divisor of 285 and 1254?
57
Calculate the greatest common factor of 2892 and 12.
12
What is the highest common factor of 11616 and 32?
32
What is the highest common divisor of 128 and 356?
4
What is the greatest common divisor of 387 and 688?
43
Calculate the greatest common divisor of 50 and 1325.
25
What is the greatest common divisor of 1016 and 1651?
127
Calculate the highest common factor of 361 and 171.
19
What is the greatest common factor of 468 and 72?
36
What is the greatest common factor of 44 and 4796?
44
What is the highest common factor of 37 and 851?
37
What is the greatest common divisor of 14 and 448?
14
What is the highest common divisor of 84 and 24?
12
What is the greatest common divisor of 836 and 76?
76
What is the greatest common factor of 6 and 1182?
6
What is the highest common divisor of 4059 and 41?
41
Calculate the greatest common divisor of 221 and 33371.
221
Calculate the highest common divisor of 3 and 10473.
3
What is the highest common factor of 3768 and 48?
24
Calculate the greatest common factor of 261 and 2059.
29
What is the greatest common factor of 6 and 3513?
3
Calculate the highest common factor of 1584 and 495.
99
What is the greatest common factor of 488 and 616?
8
What is the highest common divisor of 8601 and 282?
141
What is the greatest common factor of 21310 and 10?
10
What is the highest common factor of 893 and 703?
19
What is the greatest common divisor of 2832 and 59?
59
Calculate the highest common factor of 204 and 136.
68
Calculate the highest common divisor of 2408 and 168.
56
What is the highest common divisor of 84 and 1596?
84
Calculate the highest common factor of 552 and 168.
24
Calculate the highest common divisor of 221 and 52.
13
Calculate the highest common divisor of 136 and 776.
8
Calculate the highest common divisor of 1 and 359.
1
Calculate the greatest common divisor of 28 and 14.
14
What is the greatest common divisor of 750 and 12?
6
Calculate the greatest common divisor of 25 and 725.
25
Calculate the greatest common divisor of 42 and 42.
42
Calculate the greatest common factor of 1745 and 10.
5
Calculate the highest common divisor of 18 and 2178.
18
What is the highest common factor of 176 and 2156?
44
What is the highest common divisor of 1452 and 132?
132
Calculate the greatest common divisor of 1428 and 3451.
119
What is the greatest common divisor of 872 and 64?
8
What is the greatest common divisor of 22 and 6?
2
Calculate the highest common factor of 17 and 391.
17
Calculate the highest common factor of 972 and 12.
12
What is the greatest common factor of 8 and 128?
8
What is the greatest common divisor of 45 and 1935?
45
Calculate the highest common divisor of 2 and 42.
2
Calculate the highest common divisor of 14299 and 158.
79
What is the highest common factor of 4 and 14?
2
What is the greatest common factor of 489 and 3749?
163
Calculate the highest common divisor of 1292 and 6.
2
What is the greatest common divisor of 66 and 2827?
11
What is the highest common factor of 11 and 60038?
11
What is the greatest common factor of 8 and 801?
1
What is the highest common divisor of 4715 and 205?
205
Calculate the greatest common factor of 222 and 22422.
222
Calculate the highest common divisor of 3349 and 34.
17
What is the greatest common divisor of 860 and 20?
20
Calculate the highest common divisor of 9554 and 68.
34
What is the highest common divisor of 1365 and 169?
13
What is the greatest common divisor of 525 and 50?
25
Calculate the greatest common divisor of 13 and 87.
1
Calculate the highest common divisor of 186 and 30.
6
What is the highest common factor of 4255 and 1480?
185
Calculate the highest common factor of 387 and 86.
43
What is the greatest common factor of 61 and 976?
61
What is the greatest common factor of 6 and 432?
6
What is the greatest common divisor of 315 and 462?
21
What is the highest common divisor of 1281 and 21?
21
Calculate the greatest common divisor of 493 and 2669.
17
Calculate the highest common factor of 6380 and 58.
58
Calculate the greatest common factor of 368 and 23.
23
Calculate the highest common divisor of 28 and 238.
14
What is the highest common factor of 34 and 425?
17
What is the greatest common factor of 160 and 656?
16
Calculate the greatest common factor of 112 and 14.
14
Calculate the highest common divisor of 1590 and 240.
30
Calculate the highest common factor of 1406 and 152.
38
What is the highest common factor of 207 and 